{"id":19,"date":"2024-06-26T21:06:55","date_gmt":"2024-06-26T19:06:55","guid":{"rendered":"http:\/\/localhost\/mhtt\/?page_id=19"},"modified":"2025-03-14T00:11:10","modified_gmt":"2025-03-13T23:11:10","slug":"szervezeteink","status":"publish","type":"page","link":"https:\/\/mhtt.mhttp.hu\/index.php\/szervezeteink\/","title":{"rendered":"SZERVEZETEINK"},"content":{"rendered":"\n<h3 class=\"wp-block-heading has-text-align-center has-contrast-color has-text-color has-link-color wp-elements-138ffb13855fbca0a39e8618f7f9cd4f\">Szakoszt\u00e1lyok<\/h3>\n\n\n\n<div class=\"wp-block-group has-global-padding is-layout-constrained wp-block-group-is-layout-constrained\">\n<div class=\"wp-block-cover alignwide has-custom-content-position is-position-top-center has-aspect-ratio\" style=\"margin-top:0;margin-bottom:0;padding-top:0;padding-right:0;padding-bottom:0;padding-left:0;aspect-ratio:auto;min-height:unset;\"><span aria-hidden=\"true\" class=\"wp-block-cover__background has-base-2-background-color has-background-dim-0 has-background-dim\"><\/span><img loading=\"lazy\" decoding=\"async\" width=\"1024\" height=\"406\" class=\"wp-block-cover__image-background wp-image-225\" alt=\"\" src=\"https:\/\/mhtt.mhttp.hu\/wp-content\/uploads\/2024\/06\/alca.jpg\" style=\"object-position:50% 50%\" data-object-fit=\"cover\" data-object-position=\"50% 50%\"\/><div class=\"wp-block-cover__inner-container has-global-padding is-layout-constrained wp-container-core-cover-is-layout-49822908 wp-block-cover-is-layout-constrained\">\n<div class=\"wp-block-buttons has-custom-font-size is-content-justification-center is-layout-flex wp-container-core-buttons-is-layout-77c9f6ad wp-block-buttons-is-layout-flex\" style=\"padding-top:var(--wp--preset--spacing--10);padding-bottom:var(--wp--preset--spacing--10);font-size:0.8rem\">\n<div class=\"wp-block-button is-style-outline is-style-outline--1\"><a class=\"wp-block-button__link has-contrast-color has-base-2-background-color has-text-color has-background has-link-color wp-element-button\" href=\"https:\/\/mhtt.mhttp.hu\/bazisadatok\/SZAKOSZTALY\/BIZTONSAGPOLITIKA\/BIZTONSAGPOLITIKA_HONLAP.pdf\" target=\"_blank\" rel=\"noreferrer noopener\"><strong>BIZTONS\u00c1GPOLITIKAI<\/strong><\/a><\/div>\n\n\n\n<div class=\"wp-block-button is-style-outline is-style-outline--2\"><a class=\"wp-block-button__link has-contrast-color has-base-2-background-color has-text-color has-background has-link-color wp-element-button\" href=\"https:\/\/mhtt.mhttp.hu\/bazisadatok\/SZAKOSZTALY\/HADITECHNIKA\/HADITECHNIKA_HONLAP.pdf\" target=\"_blank\" rel=\"noreferrer noopener\"><strong>HADITECHNIKAI<\/strong><\/a><\/div>\n\n\n\n<div class=\"wp-block-button is-style-outline is-style-outline--3\"><a class=\"wp-block-button__link has-contrast-color has-base-2-background-color has-text-color has-background has-link-color wp-element-button\" href=\"http:\/\/mhtt.mhttp.hu\/bazisadatok\/SZAKOSZTALY\/NEMZETBIZTONSAG\/NEMZETBIZTONSAG_HONLAP.pdf\" target=\"_blank\" rel=\"noreferrer noopener\"><strong>NEMZETBIZTONS\u00c1G<\/strong>I<\/a><\/div>\n\n\n\n<div class=\"wp-block-button is-style-outline is-style-outline--4\"><a class=\"wp-block-button__link has-contrast-color has-base-2-background-color has-text-color has-background has-link-color wp-element-button\" href=\"https:\/\/mhtt.mhttp.hu\/bazisadatok\/SZAKOSZTALY\/GEOINFORMACIOS\/geoinformacios_honlap.pdf\" target=\"_blank\" rel=\"noreferrer noopener\"><strong>GEOINFORM\u00c1CI\u00d3S<\/strong><\/a><\/div>\n\n\n\n<div class=\"wp-block-button is-style-outline is-style-outline--5\"><a class=\"wp-block-button__link has-contrast-color has-base-2-background-color has-text-color has-background has-link-color wp-element-button\" href=\"https:\/\/mhtt.mhttp.hu\/bazisadatok\/SZAKOSZTALY\/HIRSZERZES\/HIRSZERZES_HONLAP.pdf\" target=\"_blank\" rel=\"noreferrer noopener\"><strong>H\u00cdRSZERZ\u00c9ST\u00d6RT\u00c9NETI<\/strong><\/a><\/div>\n\n\n\n<div class=\"wp-block-button is-style-outline is-style-outline--6\"><a class=\"wp-block-button__link has-contrast-color has-base-2-background-color has-text-color has-background has-link-color wp-element-button\" href=\"https:\/\/mhtt.mhttp.hu\/bazisadatok\/SZAKOSZTALY\/BELUGYI\/BELUGYI_HONLAP.pdf\" target=\"_blank\" rel=\"noreferrer noopener\"><strong>BEL\u00dcGYI<\/strong><\/a><\/div>\n\n\n\n<div class=\"wp-block-button is-style-fill\"><a class=\"wp-block-button__link has-contrast-color has-base-2-background-color has-text-color has-background has-link-color wp-element-button\" href=\"https:\/\/mhtt.mhttp.hu\/bazisadatok\/SZAKOSZTALY\/MUSZAKI\/MUSZAKI_HONLAP.pdf\" target=\"_blank\" rel=\"noreferrer noopener\"><strong>M\u0170SZAKI<\/strong><\/a><\/div>\n\n\n\n<div class=\"wp-block-button is-style-outline is-style-outline--7\"><a class=\"wp-block-button__link has-contrast-color has-base-background-color has-text-color has-background has-link-color wp-element-button\" href=\"https:\/\/mhtt.mhttp.hu\/bazisadatok\/SZAKOSZTALY\/VEDELEMGAZDASAG_ES_LOG\/vedgazdlog_honlap.pdf\" target=\"_blank\" rel=\"noreferrer noopener\"><strong>V\u00c9DELEMGAZDAS\u00c1GI \u00c9S LOGISZTIKAI<\/strong><\/a><\/div>\n\n\n\n<div class=\"wp-block-button is-style-outline is-style-outline--8\"><a class=\"wp-block-button__link has-contrast-color has-base-2-background-color has-text-color has-background has-link-color wp-element-button\" href=\"https:\/\/mhtt.mhttp.hu\/bazisadatok\/SZAKOSZTALY\/LEGIERO\/LEGIERO_HONLAP.pdf\" target=\"_blank\" rel=\"noreferrer noopener\"><strong>L\u00c9GIER\u0150<\/strong><\/a><\/div>\n\n\n\n<div class=\"wp-block-button is-style-outline is-style-outline--9\"><a class=\"wp-block-button__link has-contrast-color has-accent-3-background-color has-text-color has-background has-link-color wp-element-button\"><strong>VEGYV\u00c9DELMI \u00c9S K\u00d6RNYEZETBIZTONS\u00c1G<\/strong><\/a><\/div>\n\n\n\n<div class=\"wp-block-button is-style-outline is-style-outline--10\"><a class=\"wp-block-button__link has-contrast-color has-accent-3-background-color has-text-color has-background has-link-color wp-element-button\"><strong>SZ\u00c1RAZF\u00d6LDI M\u0170VELETI<\/strong><\/a><\/div>\n\n\n\n<div class=\"wp-block-button is-style-outline is-style-outline--11\"><a class=\"wp-block-button__link has-contrast-color has-base-2-background-color has-text-color has-background has-link-color wp-element-button\" href=\"https:\/\/mhttp.hu\/bazisadatok\/SZAKOSZTALY\/KATASZTROFA_ES_VEDELEMI_EU\/KATASZTROFA_VEDELEM_EU_HONLAP.pdf\" target=\"_blank\" rel=\"noreferrer noopener\"><strong>KATASZTR\u00d3FA-\u00c9S V\u00c9DELEM-EG\u00c9SZS\u00c9G\u00dcGY<\/strong><\/a><\/div>\n\n\n\n<div class=\"wp-block-button is-style-outline is-style-outline--12\"><a class=\"wp-block-button__link has-contrast-color has-base-2-background-color has-text-color has-background has-link-color wp-element-button\" href=\"https:\/\/mhtt.mhttp.hu@mhttp.hu\/bazisadatok\/SZAKOSZTALY\/VEDELMI_INFRA\/VEDELMI_INF_HONLAP.pdf\" target=\"_blank\" rel=\"noreferrer noopener\"><strong>V\u00c9DELMI INFRASTRUKT\u00daRA<\/strong><\/a><\/div>\n\n\n\n<div class=\"wp-block-button is-style-outline is-style-outline--13\"><a class=\"wp-block-button__link has-contrast-color has-base-2-background-color has-text-color has-background has-link-color wp-element-button\" href=\"https:\/\/mhtt.mhttp.hu\/bazisadatok\/SZAKOSZTALY\/KATASZTROFA_ES_POLGARIVEDELEM\/katasztrofa&amp;polgarivedelem_honlap.pdf\" target=\"_blank\" rel=\"noreferrer noopener\"><strong>KATASZTR\u00d3FA \u00c9S POLG\u00c1RI V\u00c9DELEM<\/strong><\/a><\/div>\n\n\n\n<div class=\"wp-block-button is-style-outline is-style-outline--14\"><a class=\"wp-block-button__link has-contrast-color has-base-2-background-color has-text-color has-background has-link-color wp-element-button\" href=\"https:\/\/mhtt.mhttp.hu\/bazisadatok\/SZAKOSZTALY\/HUMAN_EROFORRAS_FEJLESZTES\/human_eroforras_honlap.pdf\" target=\"_blank\" rel=\"noreferrer noopener\"><strong>HUM\u00c1N ER\u0150FORR\u00c1S<\/strong>&#8211;<strong>FEJLESZT\u00c9S<\/strong><\/a><\/div>\n\n\n\n<div class=\"wp-block-button is-style-outline is-style-outline--15\"><a class=\"wp-block-button__link has-contrast-color has-accent-3-background-color has-text-color has-background has-link-color wp-element-button\">\u00fcres<\/a><\/div>\n\n\n\n<div class=\"wp-block-button is-style-outline is-style-outline--16\"><a class=\"wp-block-button__link has-contrast-color has-accent-3-background-color has-text-color has-background has-link-color wp-element-button\">\u00fcres<\/a><\/div>\n\n\n\n<div class=\"wp-block-button is-style-outline is-style-outline--17\"><a class=\"wp-block-button__link has-contrast-color has-accent-3-background-color has-text-color has-background has-link-color wp-element-button\"><strong>HAT\u00c1R\u0150R<\/strong><\/a><\/div>\n\n\n\n<div class=\"wp-block-button is-style-outline is-style-outline--18\"><a class=\"wp-block-button__link has-contrast-color has-base-2-background-color has-text-color has-background has-link-color wp-element-button\" href=\"https:\/\/mhtt.mhttp.hu\/bazisadatok\/SZAKOSZTALY\/VEDELMI_INFRA\/VEDELMI_INF_HONLAP.pdf\" target=\"_blank\" rel=\"noreferrer noopener\"><strong>V\u00c9DELMI INFRASTRUKT\u00daRA<\/strong><\/a><\/div>\n\n\n\n<div class=\"wp-block-button is-style-outline is-style-outline--19\"><a class=\"wp-block-button__link has-contrast-color has-base-2-background-color has-text-color has-background has-link-color wp-element-button\" href=\"https:\/\/mhtt.mhttp.hu\/bazisadatok\/SZAKOSZTALY\/ELEKTRONIKA_INF_ROBOT\/ELEKTRONIKA_INF_ROBOT_HONLAP.pdf\" target=\"_blank\" rel=\"noreferrer noopener\"><strong>ELEKTRONIKAI, ROBOTIKAI \u00c9S INFORMATIKAI<\/strong><\/a><\/div>\n\n\n\n<div class=\"wp-block-button is-style-outline is-style-outline--20\"><a class=\"wp-block-button__link has-contrast-color has-base-2-background-color has-text-color has-background has-link-color wp-element-button\" href=\"https:\/\/mhtt.mhttp.hu\/bazisadatok\/SZAKOSZTALY\/CIMIC\/cimic_honlap.pdf\" target=\"_blank\" rel=\"noreferrer noopener\"><strong>CIVIL-KATONAI | CIMIC |<\/strong><\/a><\/div>\n<\/div>\n<\/div><\/div>\n<\/div>\n\n\n\n<h3 class=\"wp-block-heading has-text-align-center is-style-default has-contrast-color has-text-color has-link-color wp-elements-c0f94713a9be120a772fc8cc6161ccef\">Tagozat<\/h3>\n\n\n\n<div class=\"wp-block-group has-global-padding is-layout-constrained wp-block-group-is-layout-constrained\">\n<div class=\"wp-block-cover has-custom-content-position is-position-top-center\" style=\"min-height:185px;aspect-ratio:unset;\"><span aria-hidden=\"true\" class=\"wp-block-cover__background has-base-2-background-color has-background-dim-0 has-background-dim\"><\/span><img loading=\"lazy\" decoding=\"async\" width=\"1024\" height=\"406\" class=\"wp-block-cover__image-background wp-image-225\" alt=\"\" src=\"https:\/\/mhtt.mhttp.hu\/wp-content\/uploads\/2024\/06\/alca.jpg\" data-object-fit=\"cover\"\/><div class=\"wp-block-cover__inner-container has-global-padding is-layout-constrained wp-block-cover-is-layout-constrained\">\n<div class=\"wp-block-buttons has-custom-font-size is-content-justification-center is-layout-flex wp-container-core-buttons-is-layout-749adb30 wp-block-buttons-is-layout-flex\" style=\"font-size:0.8rem\">\n<div class=\"wp-block-button is-style-outline is-style-outline--21\"><a class=\"wp-block-button__link has-contrast-color has-base-2-background-color has-text-color has-background has-link-color wp-element-button\" href=\"https:\/\/mhtt.mhttp.hu\/bazisadatok\/SZAKOSZTALY\/DEBRECENI_TAG\/DEBRECEN_HONLAP.pdf\" target=\"_blank\" rel=\"noreferrer noopener\"><strong>DEBRECENI<\/strong><\/a><\/div>\n\n\n\n<div class=\"wp-block-button is-style-outline is-style-outline--22\"><a class=\"wp-block-button__link has-contrast-color has-base-2-background-color has-text-color has-background has-link-color wp-element-button\" href=\"https:\/\/mhtt.mhttp.hu\/bazisadatok\/SZAKOSZTALY\/SZEGED_TAG\/SZEGED_HONLAP.pdf\" target=\"_blank\" rel=\"noreferrer noopener\"><strong>SZEGEDI<\/strong><\/a><\/div>\n\n\n\n<div class=\"wp-block-button is-style-outline is-style-outline--23\"><a class=\"wp-block-button__link has-contrast-color has-base-2-background-color has-text-color has-background has-link-color wp-element-button\" href=\"https:\/\/mhtt.mhttp.hu\/bazisadatok\/SZAKOSZTALY\/DUNANTULI_TAG\/DELDUNANTUL_HONLAP.pdf\" target=\"_blank\" rel=\"noreferrer noopener\"><strong>D\u00c9L-DUN\u00c1NT\u00daLI<\/strong><\/a><\/div>\n<\/div>\n<\/div><\/div>\n<\/div>\n\n\n\n<div style=\"height:16px\" aria-hidden=\"true\" class=\"wp-block-spacer\"><\/div>\n\n\n\n<h3 class=\"wp-block-heading has-text-align-center has-contrast-color has-text-color has-link-color wp-elements-f1982d6ebeb190cdb899963b75dbde3a\">Klub<\/h3>\n\n\n\n<div class=\"wp-block-group has-global-padding is-layout-constrained wp-block-group-is-layout-constrained\">\n<div class=\"wp-block-cover has-custom-content-position is-position-top-center\" style=\"min-height:164px;aspect-ratio:unset;\"><span aria-hidden=\"true\" class=\"wp-block-cover__background has-base-2-background-color has-background-dim-0 has-background-dim\"><\/span><img loading=\"lazy\" decoding=\"async\" width=\"1024\" height=\"406\" class=\"wp-block-cover__image-background wp-image-225\" alt=\"\" src=\"https:\/\/mhtt.mhttp.hu\/wp-content\/uploads\/2024\/06\/alca.jpg\" data-object-fit=\"cover\"\/><div class=\"wp-block-cover__inner-container has-global-padding is-layout-constrained wp-block-cover-is-layout-constrained\">\n<div class=\"wp-block-buttons has-custom-font-size is-content-justification-center is-layout-flex wp-container-core-buttons-is-layout-749adb30 wp-block-buttons-is-layout-flex\" style=\"font-size:0.8rem\">\n<div class=\"wp-block-button is-style-outline is-style-outline--24\"><a class=\"wp-block-button__link has-contrast-color has-gradient-3-gradient-background has-text-color has-background has-link-color wp-element-button\"><strong><em>K\u00e1polnai Pauer Istv\u00e1n ifjus\u00e1gi<\/em><\/strong><\/a><\/div>\n\n\n\n<div class=\"wp-block-button is-style-outline is-style-outline--25\"><a class=\"wp-block-button__link has-contrast-color has-base-2-background-color has-text-color has-background has-link-color wp-element-button\" href=\"https:\/\/mhtt.mhttp.hu\/bazisadatok\/SZAKOSZTALY\/KISS_KAROLY_KLUB\/KISS_KAROLY_HONLAP.pdf\" target=\"_blank\" rel=\"noreferrer noopener\"><strong>KISS K\u00c1ROLY HADTUDOM\u00c1NYI<\/strong><\/a><\/div>\n\n\n\n<div class=\"wp-block-button is-style-outline is-style-outline--26\"><a class=\"wp-block-button__link has-contrast-color has-gradient-3-gradient-background has-text-color has-background has-link-color wp-element-button\"><strong><em>Lahner Gy\u00f6rgy Haditechnikai<\/em><\/strong><\/a><\/div>\n<\/div>\n<\/div><\/div>\n<\/div>\n\n\n\n<div style=\"height:16px\" aria-hidden=\"true\" class=\"wp-block-spacer\"><\/div>\n","protected":false},"excerpt":{"rendered":"<p>Szakoszt\u00e1lyok Tagozat Klub<\/p>\n","protected":false},"author":1,"featured_media":238,"parent":0,"menu_order":0,"comment_status":"closed","ping_status":"closed","template":"","meta":{"footnotes":""},"class_list":["post-19","page","type-page","status-publish","has-post-thumbnail","hentry"],"_links":{"self":[{"href":"https:\/\/mhtt.mhttp.hu\/index.php\/wp-json\/wp\/v2\/pages\/19","targetHints":{"allow":["GET"]}}],"collection":[{"href":"https:\/\/mhtt.mhttp.hu\/index.php\/wp-json\/wp\/v2\/pages"}],"about":[{"href":"https:\/\/mhtt.mhttp.hu\/index.php\/wp-json\/wp\/v2\/types\/page"}],"author":[{"embeddable":true,"href":"https:\/\/mhtt.mhttp.hu\/index.php\/wp-json\/wp\/v2\/users\/1"}],"replies":[{"embeddable":true,"href":"https:\/\/mhtt.mhttp.hu\/index.php\/wp-json\/wp\/v2\/comments?post=19"}],"version-history":[{"count":155,"href":"https:\/\/mhtt.mhttp.hu\/index.php\/wp-json\/wp\/v2\/pages\/19\/revisions"}],"predecessor-version":[{"id":1463,"href":"https:\/\/mhtt.mhttp.hu\/index.php\/wp-json\/wp\/v2\/pages\/19\/revisions\/1463"}],"wp:featuredmedia":[{"embeddable":true,"href":"https:\/\/mhtt.mhttp.hu\/index.php\/wp-json\/wp\/v2\/media\/238"}],"wp:attachment":[{"href":"https:\/\/mhtt.mhttp.hu\/index.php\/wp-json\/wp\/v2\/media?parent=19"}],"curies":[{"name":"wp","href":"https:\/\/api.w.org\/{rel}","templated":true}]}}