{"id":612,"date":"2024-09-18T09:52:03","date_gmt":"2024-09-18T07:52:03","guid":{"rendered":"https:\/\/mhtt.mhttp.hu\/?page_id=612"},"modified":"2025-01-30T14:00:13","modified_gmt":"2025-01-30T13:00:13","slug":"szakertok","status":"publish","type":"page","link":"https:\/\/mhtt.mhttp.hu\/index.php\/szakertok\/","title":{"rendered":"Szak\u00e9rt\u0151k"},"content":{"rendered":"\n<figure class=\"wp-block-table is-style-regular\"><table class=\"has-contrast-color has-base-background-color has-text-color has-background has-link-color\"><tbody><tr><td class=\"has-text-align-center\" data-align=\"center\"><strong>A \u201eMagyar Hadtudom\u00e1nyi T\u00e1rsas\u00e1g szak\u00e9rt\u0151je\u201d c\u00edmmel rendelkez\u0151k<\/strong><\/td><\/tr><\/tbody><\/table><figcaption class=\"wp-element-caption\"><a href=\"https:\/\/mhtt.mhttp.hu\/bazisadatok\/SZAKERTOK\/A_Magyar_Hadtudomanyi_Tarsasag_Szakertoje_cim_odaitelesenek_rendje.pdf\" target=\"_blank\" rel=\"noreferrer noopener\">Az MHTT szak\u00e9rt\u0151je c\u00edm oda\u00edt\u00e9l\u00e9s\u00e9nek rendje<\/a><\/figcaption><\/figure>\n\n\n\n<p class=\"has-text-align-left has-contrast-color has-text-color has-link-color wp-elements-d65c14c5fb30bd6e593f28c59b3ed9f3\"><br>004. &#8211; Dr. <strong>B\u00e1thy S\u00e1ndor ezredes<\/strong> CSc<br><strong>Szakter\u00fclet:<\/strong> a hadsereg logisztikai ell\u00e1t\u00e1sa h\u00e1bor\u00fas viszonyok k\u00f6z\u00f6tt<br>__________________________________________________________________________________________________<br>006. &#8211; Dr. <strong>G\u00e1sp\u00e1r Tibor ny. vez\u00e9r\u0151rnagy<\/strong><br><strong>Szakter\u00fclet:<\/strong> logisztikai t\u00e1mogat\u00e1s; anyagi-technikai biztos\u00edt\u00e1s, logisztika t\u00f6rt\u00e9net;<br>Mobil: +36 20 428 2486<br>E-mail: gaspartibor@upcmil.hu<br>__________________________________________________________________________________________________<br>012. &#8211; Dr.<strong> L\u00e1nszki J\u00e1nos ny. ezredes<\/strong> CSc <br><strong>Szakter\u00fclet:<em> <\/em><\/strong>t\u00e9rk\u00e9p\u00e9szet \u00e9s katonaf\u00f6ldrajz<br>__________________________________________________________________________________________________<br>013. &#8211; Dr.<strong> M\u00e9sz\u00e1ros Gyula ezredes<\/strong><br><strong>Szakter\u00fclet:<\/strong> l\u00e9gier\u0151 had\u00e1szati, hadm\u0171veleti, harc\u00e1szati alkalmaz\u00e1sa, a rep\u00fcl\u00e9sek v\u00e9grehajt\u00e1sa<br>__________________________________________________________________________________________________<br>015. &#8211; Dr.<strong> Nagy L\u00e1szl\u00f3 ny. ezredes<\/strong> DSc<br><strong>Szakter\u00fclet: <\/strong>biztons\u00e1gpolitika<br>Mobil: +36 30 665 5436<br>E-mail: nagy.szanto@gmail.com<br>__________________________________________________________________________________________________<br>020. &#8211; Dr.<strong> Ravasz Istv\u00e1n alezredes<\/strong> CSc<br><strong>Szakter\u00fclet:<\/strong> Magyarorsz\u00e1g hadt\u00f6rt\u00e9nete 1914-1945 k\u00f6z\u00f6tt<br>E-mail:<br>__________________________________________________________________________________________________<br>023. &#8211; Dr.<strong> V\u00e1rhegyi Istv\u00e1n ny. ezredes<\/strong> CSc<br><strong>Szakter\u00fclet:<\/strong> biztons\u00e1gpolitika, inform\u00e1ci\u00f3s hadvisel\u00e9s, v\u00e9delmi K+F<br>E-mail:<br>__________________________________________________________________________________________________<br>027. &#8211; Dr.<strong> Fenyves P\u00e9ter mk. ezredes<\/strong> CSc<br><strong>Szakter\u00fclet:<\/strong> elektronikai felder\u00edt\u00e9s, nemzetbiztons\u00e1gi, v\u00e9delmi \u00e9s katonapolitikai elemz\u00e9s,<br>T\u00f6r\u00f6korsz\u00e1g \u00e9s t\u00e9rs\u00e9ge biztons\u00e1gpolitik\u00e1ja<br>Mobil:+36 30 289 9991<br>E-mail:fenoe@freemail.hu<br>__________________________________________________________________________________________________<br>028. &#8211; Dr.<strong> Krizbai J\u00e1nos ny. ezredes<\/strong> CSc<br><strong>Szakter\u00fclet:<\/strong> \u00e1ltal\u00e1nos- \u00e9s katonaszociol\u00f3gia; szervezetszociol\u00f3gia; hum\u00e1npolitika,szem\u00e9ly\u00fcgy<br>Mobil: +36 30 528 0086<br>E-mail: j.krizbai@gmail.com<br>__________________________________________________________________________________________________<br>029. &#8211; Dr.<strong> Berek Lajos ezredes<\/strong> CSc<br><strong>Szakter\u00fclet:<\/strong> harc\u00e1szat-hadm\u0171veleti m\u0171v\u00e9szet, a hadtudom\u00e1ny \u00e1ltal\u00e1nos elm\u00e9lete, <br>hadm\u0171v\u00e9szet t\u00f6rt\u00e9net, csapatvezet\u00e9s<br>Tel:<br>E-mail:<br>__________________________________________________________________________________________________<br>031. &#8211; Dr.<strong> K\u00f3nya J\u00f3zsef h\u0151r ezredes<\/strong> PhD<br><strong>Szakter\u00fclet:<\/strong> hat\u00e1r\u0151rizet,hat\u00e1rv\u00e9delem,oktat\u00e1sigazgat\u00e1s, oktat\u00e1sm\u00f3dszertan<br>Tel:<br>E-mail:<br>__________________________________________________________________________________________________<br>032. &#8211; Dr.<strong> Luk\u00e1cs L\u00e1szl\u00f3 ny. mk. alezredes<\/strong> CSc<br><strong>Szakter\u00fclet:<\/strong> robbant\u00e1s, m\u0171szaki z\u00e1r\u00e1s<br>Tel: +36 30 738 6427<br>E-mail: llukacsv@mhtt2024<br>__________________________________________________________________________________________________<br>035. &#8211; Dr.<strong> Teke Andr\u00e1s PhD ny. hat\u00e1r\u0151r ezredes<\/strong><br><strong>Szakter\u00fclet: <\/strong>hat\u00e1rbiztons\u00e1g, hat\u00e1rrend\u00e9szet, hat\u00e1rigazgat\u00e1s, hat\u00e1r\u0151rizet, <br>rend\u00e9szeti \u00e9s biztons\u00e1gi strat\u00e9giai tervez\u00e9s, rend\u00e9szeti min\u0151s\u00e9gir\u00e1ny\u00edt\u00e1s.<br>Lakc\u00edm: 9030 Gy\u0151r, P\u00e9nzverem utca 14.<br>Tel:<br>E-mail: drtekea@mhtt2024<br>__________________________________________________________________________________________________<br>036. &#8211; Dr.<strong> Turcs\u00e1nyi K\u00e1roly ny. ezredes<\/strong> DSc<br><strong>Szakter\u00fclet:<\/strong> harckocsik; logisztika; min\u0151s\u00e9g-menedzsment<br>Tel:+36 30 919 4927<br>E-mail:<br>__________________________________________________________________________________________________<br>039. &#8211; Dr.<strong> Hajdun\u00e9 dr. Szak\u00e1cs \u00c1gnes orvos \u00e9s m\u00e9rn\u00f6k alezredes<\/strong><br><strong>Szakter\u00fclet:<\/strong> sug\u00e1rv\u00e9delem, sug\u00e1r eg\u00e9szs\u00e9g\u00fcgy, katasztr\u00f3fav\u00e9delem \u00e9s k\u00f6rnyezetv\u00e9delem<br>Tel:<br>E-mail:<br>__________________________________________________________________________________________________<br>040. &#8211; Dr.<strong> Kov\u00e1cs Istv\u00e1n h\u00f6r. ezredes<\/strong> CSc<br>Szakter\u00fclet: katonai pedag\u00f3gia, hadt\u00f6rt\u00e9nelem, hat\u00e1r\u0151rizet, hat\u00e1rrend\u00e9szet<br>Tel:<br>E-mail:<br>__________________________________________________________________________________________________<br>042. Dr. <strong>D\u00e1rdai \u00c1rp\u00e1d<\/strong><br>Szakter\u00fclet: t\u00e1vk\u00f6zl\u00e9s, informatika, Internet, adatkommunik\u00e1ci\u00f3, sz\u00e1m\u00edt\u00e1stechnika, elektronika<br>Tel:<br>E-mail:<br>__________________________________________________________________________________________________<br>043. &#8211; <strong>Farkasn\u00e9 dr. Z\u00e1deczky Ibolya \u0151rnagy<\/strong> PhD<br><strong>Szakter\u00fclet:<\/strong> katonapedag\u00f3gia, katonai nevel\u00e9st\u00f6rt\u00e9net<br>Tel:<br>E-mail:<br>__________________________________________________________________________________________________<br>045. &#8211; Dr.<strong> Haig Zsolt ezredes <\/strong>PhD<br><strong>Szakter\u00fclete:<\/strong> inform\u00e1ci\u00f3s m\u0171veletek, elektronikai hadvisel\u00e9s<br>Tel: +36 30 919 6394<br>E-mail: haig.zsolt@uni-nke.hu<br>__________________________________________________________________________________________________<br>047. &#8211; Dr.<strong> Ruttai L\u00e1szl\u00f3<\/strong> mk. alezredes CSc<br><strong>Szakter\u00fclet:<\/strong> l\u00e9gier\u0151, l\u00e9gv\u00e9delem, rak\u00e9tav\u00e9delem<br>Tel:<br>E-mail<br>__________________________________________________________________________________________________<br>048. &#8211; Dr.<strong> Szab\u00f3 Gyula<\/strong> r. ezredes PhD<br><strong>Szakter\u00fclet:<\/strong> rendv\u00e9delem<br>Tel:<br>E-mail:<br>__________________________________________________________________________________________________<br>050. &#8211; Dr.<strong> Turmezei P\u00e9ter<\/strong> PhD<br><strong>Szakter\u00fclet:<\/strong> elektronika<br>Tel:<br>E-mail:<br>__________________________________________________________________________________________________<br>052. &#8211; Dr.<strong> habil. V\u00e1nya L\u00e1szl\u00f3 <\/strong>ezredes PhD<br><strong>Szakter\u00fclet:<\/strong> elektronikai hadvisel\u00e9s, ir\u00e1ny\u00edtott energi\u00e1j\u00fa fegyverek, katonai robottechnika<br>Tel:<br>Mobil: +36 30 638 9225<br>_________________________________________________________________________________________________<br>053. &#8211; Dr.<strong> Felh\u00e1zi S\u00e1ndor <\/strong>ny. ezredes PhD<br><strong>Szakter\u00fclet:<\/strong> t\u00fcz\u00e9rs\u00e9gi t\u0171zt\u00e1mogat\u00e1s elm\u00e9leti \u00e9s gyakorlati k\u00e9rd\u00e9sei, <br>a t\u00fcz\u00e9rs\u00e9g automatiz\u00e1lt vezet\u00e9si rendszere, <br>t\u00fcz\u00e9rs\u00e9g alkalmaz\u00e1sa nem h\u00e1bor\u00fas k\u00f6r\u00fclm\u00e9nyek k\u00f6z\u00f6tt.<br>Tel:<br>Mobil: +36 30 937 0330<br>__________________________________________________________________________________________________<br>054. &#8211; Dr.<strong> Furj\u00e1n Attila <\/strong>alezredes PhD<br><strong>Szakter\u00fclet:<\/strong> t\u00fcz\u00e9r felder\u00edt\u00e9s, a t\u00fcz\u00e9rs\u00e9g sz\u00e1m\u00edt\u00f3g\u00e9pes vezet\u00e9si rendszere, <br>t\u0171zt\u00e1mogat\u00e1s \u00e9s a harcvezet\u00e9s k\u00e9rd\u00e9sei.<br>Tel:<br>E-mail:<br>__________________________________________________________________________________________________<br>055. &#8211; Dr.<strong> Mlin\u00e1rik L\u00e1szl\u00f3 <\/strong>alezredes PhD<br><strong>Szakter\u00fclet:<\/strong> a t\u00fcz\u00e9rs\u00e9gi t\u0171zt\u00e1mogat\u00e1s NATO elvei, <br>a t\u00fcz\u00e9rs\u00e9g t\u0171zvezet\u00e9s\u00e9nek bem\u00e9r\u0151 el\u0151k\u00e9sz\u00edt\u00e9se.<br>Tel:<br>E-mail:<br>__________________________________________________________________________________________________<br>056. &#8211; Dr.<strong> Szab\u00f3 Tibor <\/strong>alezredes PhD<br><strong>Szakter\u00fclet:<\/strong> a t\u00fcz\u00e9rs\u00e9gi l\u00f6vegek \u00e9s l\u0151szerek fejleszt\u00e9s\u00e9nek ir\u00e1nyai, <br>a t\u00fcz\u00e9rs\u00e9gi t\u0171zt\u00e1mogat\u00e1s tervez\u00e9s\u00e9nek \u00e9s v\u00e9grehajt\u00e1sa vezet\u00e9s\u00e9nek k\u00e9rd\u00e9sei.<br>__________________________________________________________________________________________________<br>057. &#8211; Dr.<strong> habil. Horv\u00e1th Tibor <\/strong>ezredes<br><strong>Szakter\u00fclet:<\/strong> \u00e1llamer\u0151d\u00edt\u00e9s, csapater\u0151d\u00edt\u00e9s, \u00e1lc\u00e1z\u00e1s, m\u0171szaki t\u00e1mogat\u00e1s, t\u0171zszer\u00e9szet, IED<br>Mobil: +36 20 981 3329<br>E-mail:dr.h.horvath.tibor@gmail.com<br>__________________________________________________________________________________________________<br>059. &#8211; <strong>Kov\u00e1cs Gyula <\/strong>ny. alezredes<br><strong>Szakter\u00fclet:<\/strong> t\u0171zt\u00e1mogat\u00e1s, professzion\u00e1lis hader\u0151, haditechnikai fejleszt\u00e9s.<br>Tel: +36 20 358 5151<br>E-mail: kovacsgyula6@chello.hu<br>__________________________________________________________________________________________________<br>060. &#8211; Dr.<strong> Mezey Gyula <\/strong>CSc<br><strong>Szakter\u00fclet:<\/strong> Vezet\u00e9s \u00e9s szervez\u00e9s, biztons\u00e1gpolitika,v\u00e1ls\u00e1gd\u00f6nt\u00e9sek.<br>__________________________________________________________________________________________________<br>062. &#8211; Dr.<strong> Szoboszlay S\u00e1ndor Istv\u00e1n<\/strong> PhD<br><strong>Szakter\u00fclet:<\/strong> K\u00f6rnyezetv\u00e9delem-k\u00f6rnyezetbiztons\u00e1g<br>Telefon:+36 28 522 000\/ 2318 vagy 2324 mell\u00e9k<br>+36 30 962 8315 Munkahely: Szent Istv\u00e1n Egyetem, MKK-AKI, <br>E-mail: szoboszlay.sandor@mkk.szie.hu<br>K\u00f6rnyezetbiztons\u00e1gi \u00e9s K\u00f6rnyezettoxikol\u00f3giai Tansz\u00e9k<br>__________________________________________________________________________________________________<br>065. &#8211; Dr.<strong> Mihalik J\u00f3zsef <\/strong>mk. alezredes PhD<br><strong>Szakter\u00fclet:<\/strong> t\u00e9rk\u00e9p\u00e9szet, geod\u00e9zia<br>Telefon: +36 1 336 20 41Mobil:\u00a0+36 20 555 1860<br>E-mail:\u00a0mihalik.jozsef61@gmail.com<br>__________________________________________________________________________________________________<br>066.<strong> <\/strong>Dr.<strong> Hautzinger Gyula <\/strong>ny. ezredes PhD<br><strong>Szakter\u00fclet:<\/strong> NATO katonai logisztika, <br>Honv\u00e9delem &#8211; \u00f6nk\u00e9ntes hader\u0151, Multinacion\u00e1lis katonai szerepv\u00e1llal\u00e1s<br>Tel:<br>E-mail:<br>__________________________________________________________________________________________________<br>067.<strong> <\/strong>&#8211; Dr. <strong>Kir\u00e1ly L\u00e1szl\u00f3 <\/strong>Csc<br>Szakter\u00fclet: V\u00e9delemgazdas\u00e1g (beruh\u00e1z\u00e1s, ellen\u0151rz\u00e9s, szervez\u00e9s)<br>__________________________________________________________________________________________________<br>069. &#8211; <strong>Siposn\u00e9 Prof. dr. Kecskem\u00e9thy Kl\u00e1ra <\/strong>ezredes<br><strong>Szakter\u00fclet:<\/strong> NATO partners\u00e9g, Ludovika, biztons\u00e1g- \u00e9s v\u00e9delemf\u00f6ldrajz<br>Tel: +36 30 574 6448<br>E-mail: Skksipos@gmail.com<br>__________________________________________________________________________________________________<br>070. &#8211; Dr.<strong> Kov\u00e1cs L\u00e1szl\u00f3 ezredes<\/strong> PhD<br><strong>Szakter\u00fclet:<\/strong> Kiberhadvisel\u00e9s, kiber terrorizmus, inform\u00e1ci\u00f3s t\u00e1rsadalom, <br>inform\u00e1ci\u00f3s hadvisel\u00e9s, elektronikai hadvisel\u00e9s<br>Tel: +36 30 9359 776<br>E-mail:<br>__________________________________________________________________________________________________<br>071. &#8211; Dr.<strong> Csutor\u00e1s G\u00e1bor <\/strong>ny. mk. alezredes<br><strong>Szakter\u00fclet:<\/strong> biztons\u00e1g tudom\u00e1ny, rep\u00fcl\u0151terek,heliportok t\u0171zv\u00e9delme,<br>l\u00e9gij\u00e1rm\u0171 balesetek \u00e9let-\u00e9s m\u0171szaki ment\u00e9se,t\u00fczeinek olt\u00e1sa<br>Tel:+36 30 559 7779<br>E-mail:csutorasdr@gmail.com<br>__________________________________________________________________________________________________<br>073. &#8211; Dr. <strong>Kis-Benedek J\u00f3zsef <\/strong>ny. ezredes PhD<br><strong>Szakter\u00fclet:<\/strong> biztons\u00e1gpolitika,K\u00f6zel-Kelet, terrorizmus<br>Telefon: +36 1 285 2339,Mobil: +36 30 257 2722<br>E-mail: kbjozsef48@gmail.com<br>__________________________________________________________________________________________________<br>075. &#8211; Dr.<strong> V\u00e1rhalmi Antal Mikl\u00f3s <\/strong>PhD<br><strong>Szakter\u00fclet:<\/strong> nemzetbiztons\u00e1g, informatika, t\u00e1vk\u00f6zl\u00e9s, biztons\u00e1gpolitika<br>Telefon: +36 30 938 3529<br>E-mail: miklos@varhalmi.hu<br>Honlap: www.nemzetbiztonsag.com<br>__________________________________________________________________________________________________<br>076. &#8211; Dr. <strong>N\u00e9gyesi Imre <\/strong>mk. alezredes<br>Szakter\u00fclet: Katonai (v\u00e9delmi ) informatika<br>Telefon:<br>E-mail:<br>__________________________________________________________________________________________________<br>078. &#8211; Dr. <strong>N\u00e9meth Andr\u00e1s<\/strong> \u0151rnagy PhD<br>Szakter\u00fclet: Harc\u00e1szati r\u00e1di\u00f3rendszerek, vesz\u00e9lyhelyzeti h\u00edrk\u00f6zl\u00e9s<br>Telefon: +36 30 565 2115<br>E-mail: nemeth.andras@uni-nke.hu<br>__________________________________________________________________________________________________<br>079. &#8211; Dr. <strong>Piroska Gy\u00f6rgy<\/strong> PhD<br>Szakter\u00fclet: ballisztika, l\u0151fegyver, l\u0151szer, t\u0171zvezet\u0151 rendszer \u00e9s elektro-optikai eszk\u00f6z\u00f6k<br>Teleon: +36 30 626 5646<br>E-mail: gyorgy.piroska@gmail.com<br>__________________________________________________________________________________________________<br>080. &#8211; Dr. <strong>Heged\u0171s Henrik<\/strong> \u00f6mt. alezredes, PhD<br>Szakter\u00fclete: A k\u00f6zszolg\u00e1lati hum\u00e1ner\u0151forr\u00e1s gazd\u00e1lkod\u00e1s. Kompetencia alap\u00fa besorol\u00e1s, teljes\u00edtm\u00e9ny \u00e9rt\u00e9kel\u00e9s, szem\u00e9lyzetfejleszt\u00e9s, tud\u00e1smenedzsel\u00e9s, tehets\u00e9ggondoz\u00e1s a Magyar Honv\u00e9ds\u00e9gben.<br>Telefon: +36 30 515 5343<br>E-mail: hegedus.henrik@uni-nke.hu, henrikdrhegedus@gmail.com<br>__________________________________________________________________________________________________<br>081. &#8211; Dr. <strong>Csery-Sz\u00fccs P\u00e9ter<\/strong> ny. mk. alezredes, PhD<br>Szakter\u00fclete: biztons\u00e1gpolitika, katona jog, hadijog<br>Telefon: 36-1-320-7928, 36-30-621-0170<br>E-mail: p.csery@lbd.hu<br>__________________________________________________________________________________________________<br>082. &#8211; Dr.<strong> B. Stenge Csaba<\/strong> PhD<br><strong>Szakter\u00fclet:<\/strong> magyar t\u00f6rt\u00e9nelem 1938-1945, rep\u00fcl\u0151csapatok hadm\u0171veleti-harc\u00e1szati alkalmaz\u00e1sa<br>Telefon:+36 34 324 310<br>E-mail: info@tbleveltar.hu<br>__________________________________________________________________________________________________<br>083. &#8211; Dr. <strong>Megl\u00e9cz Mikl\u00f3s<\/strong> ny. m\u00e9rn\u00f6k ezredes Csc<br><strong>Szakter\u00fclet:<\/strong> vegyifegyver (Chemical Weapons), ABRV v\u00e9delem (CBRN protection)<br>Telefon:+36 1 316 2624<br>E-mail: mmeglecz@hotmail.com<br>__________________________________________________________________________________________________<br>085. &#8211; Prof. Dr. <strong>Kiss Zolt\u00e1n L\u00e1szl\u00f3<\/strong>, hadtudom\u00e1ny (katonaszociol\u00f3gia) PhD (szociol\u00f3giatudom\u00e1nyok)<br><strong>Szakter\u00fclet:<\/strong> katonaszociol\u00f3gia, civil-katonai kapcsolatok, civil kontroll, CIMIC, PSYOPS, v\u00e9delmi k\u00f6zkapcsolatok<br>Mobil: + 36 20 575 4065<br>E-mail: zoltan.laszlo.kiss.dr@gmail.com<br>__________________________________________________________________________________________________<br>086. &#8211; Dr. <strong>Szatm\u00e1ri L\u00e1szl\u00f3<\/strong> ezredes PhD<br><strong>Szakter\u00fclet:<\/strong> fegyverzetellen\u0151rz\u00e9s, EBESZ<br>Telefon:+36 30 546 9555<br>E-mail: szatml@hotmail.com<br>__________________________________________________________________________________________________<br>087. &#8211; Dr. <strong>Gelsei Andr\u00e1s<\/strong> ny. ezredes PhD<br><strong>Szakter\u00fclet:<\/strong> biztons\u00e1gpolitika, NATO-partnerkapcsolatok<br>Telefon: +36 30 562 5868<br>E-mail: gelseiandras@t-online.hu; gelseiandras@gmail.com<br>__________________________________________________________________________________________________<br>088. &#8211; Dr. <strong>Medveczky Mih\u00e1ly<\/strong> PhD<br><strong>Szakter\u00fclet:<\/strong> v\u00e9delemgazdas\u00e1g (gazdas\u00e1gmozg\u00f3s\u00edt\u00e1s,gazdas\u00e1gfelk\u00e9sz\u00edt\u00e9s,gazdas\u00e1gbiztons\u00e1g)<br>Telefon: +36-70-778-8131, +36-1-349-7535<br>E-mail: mreczky@gmail.com<br>__________________________________________________________________________________________________<br>089. &#8211; Dr. <strong>Zellei G\u00e1bor<\/strong><br>Szakter\u00fclet: polg\u00e1ri v\u00e9delem, nukle\u00e1risbaleset-elh\u00e1r\u00edt\u00e1s, vesz\u00e9lyhelyzeti magatart\u00e1s<br>Telefon:<br>__________________________________________________________________________________________________<br>090. &#8211; <strong>Nagy S\u00e1ndor<\/strong><br><strong>Szakter\u00fclet:<\/strong> v\u00e9delmi igazgat\u00e1s, lakoss\u00e1gv\u00e9delem, min\u0151s\u00e9gi kock\u00e1zatkezel\u00e9s.<br>Telefon: +36 20 294 9927<br>E-mail: nagy.sandor1975@gmail.com<br>__________________________________________________________________________________________________<br>091. &#8211; Dr. habil. <strong>Resperger Istv\u00e1n<\/strong> ezredes<br><strong>Szakter\u00fclet:<\/strong> aszimmetrikus \u00e9s hibrid hadvisel\u00e9s, terrorizmus<br>Mobil: +36 30 996 5064<br>E-mail: drresi@gmail.com<br>Website: www.drresi.hu<br>Facebook: <a href=\"https:\/\/www.facebook.com\/profile.php?id=61559806553228&amp;locale=hu_HU\">https:\/\/www.facebook.com\/profile.php?id=61559806553228&amp;locale=hu_HU<\/a><br>__________________________________________________________________________________________________<br>092. &#8211; Dr. <strong>Lakatos P\u00e9ter<\/strong><br><strong>Szakter\u00fclet:<\/strong> Logisztika, Ell\u00e1t\u00e1si L\u00e1nc Menedzsment<br>Mobil: +36 30 9702 865<br>E-mail:\u00a0peterlakatos@t-online.hu<br>__________________________________________________________________________________________________<br>093. Dr. <strong>Koll\u00e1r Csaba<\/strong> PhD<br><strong>Szakter\u00fclet:<\/strong> a digit\u00e1lis kor t\u00e1rsadalmi vet\u00fcletei \u00e9s gazdas\u00e1gi hat\u00e1sai, az ember-robot interakci\u00f3, az inform\u00e1ci\u00f3biztons\u00e1g hum\u00e1n aspektusai, biztons\u00e1gtudatoss\u00e1g fejleszt\u00e9se\u00a0<br>Mobil: +36 70 663 4331<br>E-mail: Kollar.Csaba@uni-nke.hu\u00a0<br>__________________________________________________________________________________________________<br>094. &#8211; Dr. <strong>Kladek Andr\u00e1s<\/strong> ny. ezredes PhD<br><strong>Szakter\u00fclet: <\/strong>hum\u00e1ner\u0151forr\u00e1s fejleszt\u00e9s, hader\u0151szervez\u00e9s, mozg\u00f3s\u00edt\u00e1s, hadkieg\u00e9sz\u00edt\u00e9s<br>Telefon: +36 20 391 9013<br>E-mail: mr.kladek@gmail.com <br>__________________________________________________________________________________________________<br>095. &#8211; Dr. <strong>B\u00e1ny\u00e1sz P\u00e9ter<\/strong> PhD.<br><strong>Szakter\u00fclet:<\/strong> kiberbiztons\u00e1g hum\u00e1n aspektusa<br>Mobil: +36-20-562-4178<br>E-mail: banyasz.peter@uni-nke.hu<br>__________________________________________________________________________________________________<br>096. &#8211; Dr.<strong>K\u00e1roly Kriszti\u00e1n<\/strong> PhD.<br><strong>Szakter\u00fclet:<\/strong> katonai t\u00e1vk\u00f6zl\u00e9s<br>Telefon:+36 30 650 8281<br>E-mail:karoly.krisztian.87@gmail.com<br>__________________________________________________________________________________________________<br>097. &#8211; <strong>Szak\u00e1ly S\u00e1ndor<\/strong> DSc<br><strong>Szakter\u00fclet:<\/strong> 1991-1945 k\u00f6z\u00f6tti magyar hadt\u00f6rt\u00e9nelem<br>Mobil: +36 20 910 5291<br>E-mail: szakaly.sandor.55@gmail.com<br><br>__________________________________________________________________________________________________<br>098. &#8211; Dr.<strong> Daruka Norbert<\/strong> PhD<br><strong>Szakter\u00fclet:<\/strong> Robbant\u00e1stechnika, improviz\u00e1lt robban\u00f3szerkezetek, robban\u00f3anyagok jogellenes felhaszn\u00e1l\u00e1sa\u00a0<br>Mobil: +36-20-918-7381<br>E-mail: daruka.norbi@mhtt2024<br>__________________________________________________________________________________________________<br>099. &#8211; Dr. <strong>F\u00e1bi\u00e1n P\u00e9ter<\/strong> PhD<br><strong>Szakter\u00fclet:<\/strong> mag\u00e1nbiztons\u00e1g\/biztons\u00e1gtudom\u00e1ny\/terrorizmus\/biztons\u00e1gpolitika<br>Mobil: +36-70-930-0500<br>E-mail: fabianpeterdr@gmail.com<br>__________________________________________________________________________________________________<br>100. &#8211; Dr. <strong>Ujh\u00e1zi L\u00e1szl\u00f3<\/strong> PhD.<br><strong>Szakter\u00fclet:<\/strong> katonai vezet\u00e9s, hadkieg\u00e9sz\u00edt\u00e9s<br>Mobil:+36-30-352-2179<br>E-mail: ujhazy.laszlo@uni-nke.hu<br>__________________________________________________________________________________________________<br>101. &#8211; Dr. <strong>Guly\u00e1s G\u00e9za<\/strong> PhD<br><strong>Szakter\u00fclet:<\/strong> t\u00fcz\u00e9rs\u00e9g, t\u0171z\u00e9sfelder\u00edt\u00e9s, t\u0171zt\u00e1mogat\u00e1s<br>Mobil: +36-30-218-0561<br>E-mail: gulyas.geza@hm.gov.hu<br>__________________________________________________________________________________________________<br>102. &#8211; Dr. <strong>Kov\u00e1cs Ferenc ny<\/strong>. \u00a0ezredes PhD<br>Szakter\u00fclet: katonai infrastrukt\u00fara, kritikus infrastrukt\u00fara<br>Mobil: +36-30-343-8362<br>E-mail: fermate4@gmail.com<br>__________________________________________________________________________________________________<br>103. &#8211; Dr. <strong>Szenes Zolt\u00e1n ny<\/strong>. vez\u00e9rezredes PhD<br>Szakter\u00fclet: biztons\u00e1gpolitika, v\u00e9delempolitika<br>Mobil:\u00a0+36-30-242-8914<br>E-mail: genszenes@gmail.com<br>__________________________________________________________________________________________________<br><br><br><br>\u00a0\u00a0\u00a0\u00a0\u00a0\u00a0<br><br><br><br><br><\/p>\n","protected":false},"excerpt":{"rendered":"<p>A \u201eMagyar Hadtudom\u00e1nyi T\u00e1rsas\u00e1g szak\u00e9rt\u0151je\u201d c\u00edmmel rendelkez\u0151k Az MHTT szak\u00e9rt\u0151je c\u00edm oda\u00edt\u00e9l\u00e9s\u00e9nek rendje 004. &#8211; Dr. B\u00e1thy S\u00e1ndor ezredes CScSzakter\u00fclet: a hadsereg logisztikai ell\u00e1t\u00e1sa h\u00e1bor\u00fas viszonyok k\u00f6z\u00f6tt__________________________________________________________________________________________________006. &#8211; Dr. G\u00e1sp\u00e1r Tibor ny. vez\u00e9r\u0151rnagySzakter\u00fclet: logisztikai t\u00e1mogat\u00e1s; anyagi-technikai biztos\u00edt\u00e1s, logisztika t\u00f6rt\u00e9net;Mobil: +36 20 428 2486E-mail: gaspartibor@upcmil.hu__________________________________________________________________________________________________012. &#8211; Dr. L\u00e1nszki J\u00e1nos ny. ezredes CSc Szakter\u00fclet: t\u00e9rk\u00e9p\u00e9szet \u00e9s katonaf\u00f6ldrajz__________________________________________________________________________________________________013. [&hellip;]<\/p>\n","protected":false},"author":1,"featured_media":1327,"parent":0,"menu_order":0,"comment_status":"closed","ping_status":"closed","template":"","meta":{"footnotes":""},"class_list":["post-612","page","type-page","status-publish","has-post-thumbnail","hentry"],"_links":{"self":[{"href":"https:\/\/mhtt.mhttp.hu\/index.php\/wp-json\/wp\/v2\/pages\/612","targetHints":{"allow":["GET"]}}],"collection":[{"href":"https:\/\/mhtt.mhttp.hu\/index.php\/wp-json\/wp\/v2\/pages"}],"about":[{"href":"https:\/\/mhtt.mhttp.hu\/index.php\/wp-json\/wp\/v2\/types\/page"}],"author":[{"embeddable":true,"href":"https:\/\/mhtt.mhttp.hu\/index.php\/wp-json\/wp\/v2\/users\/1"}],"replies":[{"embeddable":true,"href":"https:\/\/mhtt.mhttp.hu\/index.php\/wp-json\/wp\/v2\/comments?post=612"}],"version-history":[{"count":93,"href":"https:\/\/mhtt.mhttp.hu\/index.php\/wp-json\/wp\/v2\/pages\/612\/revisions"}],"predecessor-version":[{"id":1089,"href":"https:\/\/mhtt.mhttp.hu\/index.php\/wp-json\/wp\/v2\/pages\/612\/revisions\/1089"}],"wp:featuredmedia":[{"embeddable":true,"href":"https:\/\/mhtt.mhttp.hu\/index.php\/wp-json\/wp\/v2\/media\/1327"}],"wp:attachment":[{"href":"https:\/\/mhtt.mhttp.hu\/index.php\/wp-json\/wp\/v2\/media?parent=612"}],"curies":[{"name":"wp","href":"https:\/\/api.w.org\/{rel}","templated":true}]}}